hat is the highest common divisor of 40 and 140?
20
What is the highest common factor of 103 and 1?
1
What is the highest common factor of 33 and 2486?
11
Calculate the greatest common divisor of 54 and 300.
6
Calculate the greatest common factor of 345 and 460.
115
Calculate the greatest common factor of 1743 and 21.
21
What is the greatest common divisor of 399 and 21?
21
What is the highest common factor of 900 and 882?
18
What is the greatest common factor of 169 and 22139?
169
What is the highest common factor of 247 and 38?
19
Calculate the greatest common divisor of 14 and 34.
2
Calculate the greatest common divisor of 323 and 17.
17
What is the greatest common divisor of 671 and 122?
61
Calculate the greatest common factor of 333 and 45.
9
Calculate the highest common factor of 18 and 912.
6
What is the greatest common divisor of 5031 and 117?
117
Calculate the highest common factor of 208 and 112.
16
What is the highest common factor of 310 and 93?
31
Calculate the greatest common divisor of 20 and 210.
10
Calculate the greatest common factor of 1032 and 3268.
172
What is the greatest common divisor of 629 and 74?
37
Calculate the greatest common factor of 5 and 160.
5
What is the highest common divisor of 152 and 114?
38
Calculate the greatest common factor of 12 and 76.
4
Calculate the highest common factor of 2590 and 296.
74
Calculate the highest common factor of 63 and 18.
9
Calculate the highest common factor of 64 and 4528.
16
What is the highest common factor of 118 and 12862?
118
What is the highest common factor of 464 and 493?
29
Calculate the greatest common factor of 198 and 72.
18
What is the greatest common factor of 945 and 504?
63
Calculate the highest common factor of 520 and 640.
40
Calculate the highest common factor of 52 and 2678.
26
Calculate the highest common divisor of 520 and 160.
40
Calculate the greatest common divisor of 24 and 228.
12
Calculate the greatest common factor of 55 and 320.
5
What is the greatest common divisor of 120 and 6?
6
Calculate the greatest common divisor of 88 and 66.
22
Calculate the highest common divisor of 2120 and 10.
10
Calculate the greatest common factor of 515 and 3.
1
Calculate the greatest common divisor of 24 and 56.
8
Calculate the highest common divisor of 46 and 115.
23
What is the highest common divisor of 540 and 300?
60
Calculate the greatest common divisor of 2984 and 72.
8
Calculate the greatest common divisor of 4 and 6388.
4
What is the greatest common divisor of 1230 and 60?
30
What is the highest common divisor of 1557 and 8131?
173
Calculate the greatest common divisor of 4961 and 363.
121
Calculate the greatest common factor of 10 and 50.
10
Calculate the greatest common divisor of 713 and 31.
31
What is the greatest common factor of 3388 and 56?
28
What is the highest common divisor of 33 and 1551?
33
Calculate the highest common factor of 4136 and 110.
22
What is the highest common factor of 324 and 588?
12
Calculate the highest common factor of 434 and 119.
7
What is the highest common factor of 90 and 12564?
18
Calculate the greatest common divisor of 329 and 63.
7
What is the highest common factor of 1088 and 1496?
136
Calculate the greatest common factor of 4 and 94.
2
Calculate the highest common factor of 380 and 285.
95
Calculate the greatest common divisor of 1178 and 38.
38
Calculate the highest common divisor of 348 and 768.
12
What is the highest common divisor of 88305 and 203?
203
What is the highest common factor of 665 and 175?
35
Calculate the greatest common divisor of 9608 and 8.
8
What is the greatest common factor of 104 and 106?
2
Calculate the highest common divisor of 102 and 1462.
34
What is the greatest common divisor of 909 and 9?
9
What is the highest common factor of 2223 and 114?
57
Calculate the greatest common divisor of 12 and 888.
12
What is the greatest common divisor of 15 and 795?
15
Calculate the highest common factor of 18 and 198.
18
Calculate the greatest common divisor of 165 and 240.
15
Calculate the highest common factor of 40 and 65.
5
What is the highest common factor of 87 and 6?
3
Calculate the greatest common divisor of 226 and 10.
2
Calculate the greatest common divisor of 216 and 378.
54
Calculate the greatest common factor of 32 and 16.
16
What is the greatest common factor of 1125 and 18?
9
Calculate the highest common divisor of 33 and 44.
11
What is the highest common factor of 288 and 1392?
48
Calculate the greatest common factor of 75 and 165.
15
What is the highest common factor of 6052 and 136?
68
Calculate the highest common factor of 162 and 3645.
81
Calculate the greatest common factor of 6642 and 492.
246
Calculate the highest common divisor of 42 and 4452.
42
What is the greatest common divisor of 943 and 41?
41
Calculate the highest common factor of 12 and 228.
12
Calculate the highest common factor of 1792 and 84.
28
Calculate the greatest common divisor of 6544 and 16.
16
Calculate the highest common factor of 341 and 11.
11
What is the greatest common divisor of 68 and 527?
17
What is the greatest common divisor of 16 and 1?
1
Calculate the highest common divisor of 150 and 10.
10
What is the greatest common factor of 20 and 4?
4
Calculate the highest common factor of 495 and 10989.
99
Calculate the highest common factor of 4912 and 16.
16
Calculate the highest common factor of 74 and 1258.
74
What is the greatest common factor of 1060 and 120?
20
Calculate the greatest common factor of 17 and 51.
17
Calculate the greatest common divisor of 24804 and 108.
36
What is the highest common factor of 51 and 357?
51
What is the highest common divisor of 768 and 600?
24
Calculate the greatest common factor of 16 and 92.
4
What is the greatest common divisor of 244 and 8662?
122
Calculate the highest common factor of 76 and 1273.
19
What is the greatest common divisor of 120 and 120?
120
What is the greatest common divisor of 54 and 837?
27
Calculate the highest common factor of 544 and 17.
17
Calculate the greatest common factor of 63 and 99.
9
What is the highest common divisor of 12943 and 2107?
301
What is the highest common divisor of 52 and 36?
4
Calculate the greatest common factor of 15 and 3120.
15
Calculate the greatest common divisor of 110 and 880.
110
What is the greatest common factor of 1392 and 3132?
348
Calculate the highest common factor of 57 and 285.
57
Calculate the greatest common divisor of 20 and 140.
20
What is the highest common divisor of 22759 and 11?
11
Calculate the greatest common factor of 6527 and 61.
61
Calculate the greatest common divisor of 8 and 69.
1
Calculate the highest common divisor of 113 and 5311.
113
What is the highest common factor of 2494 and 86?
86
What is the highest common factor of 39 and 403?
13
Calculate the greatest common factor of 575 and 2900.
25
Calculate the highest common factor of 1397 and 22.
11
Calculate the highest common factor of 36 and 1368.
36
Calculate the highest common factor of 504 and 693.
63
Calculate the highest common factor of 3711 and 6.
3
Calculate the highest common factor of 22 and 682.
22
What is the highest common factor of 30 and 1230?
30
What is the highest common divisor of 483 and 525?
21
Calculate the greatest common divisor of 437 and 38.
19
What is the greatest common divisor of 44 and 128?
4
Calculate the greatest common factor of 6 and 45.
3
Calculate the greatest common divisor of 235 and 94.
47
Calculate the greatest common factor of 64 and 2528.
32
Calculate the greatest common factor of 7 and 707.
7
Calculate the greatest common divisor of 901 and 53.
53
What is the greatest common factor of 8 and 10936?
8
Calculate the greatest common factor of 200 and 56.
8
What is the greatest common divisor of 20 and 19530?
10
What is the highest common divisor of 25513 and 124?
31
What is the greatest common divisor of 1590 and 30?
30
What is the highest common factor of 425 and 17?
17
What is the greatest common divisor of 85 and 1343?
17
What is the greatest common divisor of 1716 and 4224?
132
What is the greatest common divisor of 54 and 81?
27
Calculate the greatest common divisor of 162 and 81.
81
What is the greatest common divisor of 1848 and 224?
56
Calculate the greatest common divisor of 14 and 329